{"id":11981,"date":"2026-04-21T17:52:50","date_gmt":"2026-04-21T14:52:50","guid":{"rendered":"https:\/\/xcore.com.tr\/urunler\/product\/dell-ws-pro-max-t2-fct2250_1-u7-265-1x16gb-512ssd-4gb-a400-win11pro-w11p-3-yil-yerinde-garantili\/"},"modified":"2026-04-21T17:52:50","modified_gmt":"2026-04-21T14:52:50","slug":"dell-ws-pro-max-t2-fct2250_1-u7-265-1x16gb-512ssd-4gb-a400-win11pro-w11p-3-yil-yerinde-garantili","status":"publish","type":"product","link":"https:\/\/xcore.com.tr\/urunler\/product\/dell-ws-pro-max-t2-fct2250_1-u7-265-1x16gb-512ssd-4gb-a400-win11pro-w11p-3-yil-yerinde-garantili\/","title":{"rendered":"DELL WS PRO MAX T2 FCT2250_1 U7 265 1X16GB 512SSD 4GB A400 WIN11PRO W11P 3 YIL YER\u0130NDE GARANT\u0130L\u0130"},"content":{"rendered":"<h4>\u00dcr\u00fcn \u00d6zellikleri:<\/h4>\n<ul>\n<li><strong>\u0130\u015fletim Sistemi:<\/strong> Windows 11 Pro<\/li>\n<li><strong>Sabit Disk:<\/strong> 512GB SSD TLC with DRAM M.2 2280 PCIe Gen4 SED Ready <\/li>\n<li><strong>Ekran Kart\u0131 Kapasitesi:<\/strong> 4 GB<\/li>\n<li><strong>A\u00e7\u0131klama:<\/strong> <\/li>\n<li><strong>Bellek Kapasitesi:<\/strong> 16 GB<\/li>\n<li><strong>\u0130\u015flemci Tipi:<\/strong> Intel Core Ultra 7 265<\/li>\n<li><strong>Optik S\u00fcr\u00fcc\u00fc:<\/strong> &#8211;<\/li>\n<li><strong>Sabit Disk Kapasitesi:<\/strong> 512GB M.2 PCIe SSD<\/li>\n<li><strong>Bellek:<\/strong> 16GB: 1 x 16 GB, DDR5, 5600 MT\/s, non-ECC <\/li>\n<li><strong>Ekran Boyutu:<\/strong> &#8211;<\/li>\n<li><strong>Garanti:<\/strong> 3 Y\u0131l Dell Garanti<\/li>\n<li><strong>\u0130\u015flemci \u00d6zelli\u011fi:<\/strong> Intel Core Ultra 7 265 <\/li>\n<li><strong>Giri\u015f \u00c7\u0131k\u0131\u015flar:<\/strong> 1 USB 3.2 Gen 1 (5Gbps) port 1 USB 3.2 Gen 1 (5Gbps) port with PowerShare 1 USB 3.2 Gen 2 (10Gbps) Type-C port 1 USB 3.2 Gen 2&#215;2 (20Gbps) Type-C port with PowerShare 1 Global headset jack2 USB 2.0 (480Mbps) ports with SmartPower&#xD;<br \/>\n2 USB 3.2 Gen 2 (10Gbps) ports&#xD;<br \/>\n1 USB 3.2 Gen 2&#215;2 (20Gbps) Type-C port&#xD;<br \/>\n1 RJ45 (1GbE ) Ethernet port&#xD;<br \/>\n2 DisplayPort 1.4a HBR3 ports-1 Thunderbolt Port&#xD;\n<\/li>\n<li><strong>Ekran Kart\u0131:<\/strong> NVIDIA A400, 4 GB GDDR6, 4 mDP to DP adapters <\/li>\n<\/ul>\n","protected":false},"excerpt":{"rendered":"<p>\u00dcr\u00fcn \u00d6zellikleri: \u0130\u015fletim Sistemi: Windows 11 Pro Sabit Disk: 512GB SSD TLC with DRAM M.2 2280 PCIe Gen4 SED Ready Ekran Kart\u0131 Kapasitesi: 4 GB A\u00e7\u0131klama: Bellek Kapasitesi: 16 GB \u0130\u015flemci Tipi: Intel Core Ultra 7 265 Optik S\u00fcr\u00fcc\u00fc: &#8211; Sabit Disk Kapasitesi: 512GB M.2 PCIe SSD Bellek: 16GB: 1 x 16 GB, DDR5, 5600 [&hellip;]<\/p>\n","protected":false},"featured_media":11982,"comment_status":"open","ping_status":"closed","template":"","meta":{"content-type":""},"product_brand":[],"product_cat":[725],"product_tag":[],"class_list":{"0":"post-11981","1":"product","2":"type-product","3":"status-publish","4":"has-post-thumbnail","6":"product_cat-is-istasyonu-masaustu","8":"first","9":"instock","10":"shipping-taxable","11":"purchasable","12":"product-type-simple"},"_links":{"self":[{"href":"https:\/\/xcore.com.tr\/urunler\/wp-json\/wp\/v2\/product\/11981","targetHints":{"allow":["GET"]}}],"collection":[{"href":"https:\/\/xcore.com.tr\/urunler\/wp-json\/wp\/v2\/product"}],"about":[{"href":"https:\/\/xcore.com.tr\/urunler\/wp-json\/wp\/v2\/types\/product"}],"replies":[{"embeddable":true,"href":"https:\/\/xcore.com.tr\/urunler\/wp-json\/wp\/v2\/comments?post=11981"}],"wp:featuredmedia":[{"embeddable":true,"href":"https:\/\/xcore.com.tr\/urunler\/wp-json\/wp\/v2\/media\/11982"}],"wp:attachment":[{"href":"https:\/\/xcore.com.tr\/urunler\/wp-json\/wp\/v2\/media?parent=11981"}],"wp:term":[{"taxonomy":"product_brand","embeddable":true,"href":"https:\/\/xcore.com.tr\/urunler\/wp-json\/wp\/v2\/product_brand?post=11981"},{"taxonomy":"product_cat","embeddable":true,"href":"https:\/\/xcore.com.tr\/urunler\/wp-json\/wp\/v2\/product_cat?post=11981"},{"taxonomy":"product_tag","embeddable":true,"href":"https:\/\/xcore.com.tr\/urunler\/wp-json\/wp\/v2\/product_tag?post=11981"}],"curies":[{"name":"wp","href":"https:\/\/api.w.org\/{rel}","templated":true}]}}