{"id":11991,"date":"2026-04-21T17:52:55","date_gmt":"2026-04-21T14:52:55","guid":{"rendered":"https:\/\/xcore.com.tr\/urunler\/product\/dell-ws-pro-max-t2-fct2250_9-ultra-9-285k-1x32gb-1tb-ssd-16gb-nvidia-rtx2000-ada-1500w-w11p-3-yil-yerinde-garanti\/"},"modified":"2026-04-21T17:52:55","modified_gmt":"2026-04-21T14:52:55","slug":"dell-ws-pro-max-t2-fct2250_9-ultra-9-285k-1x32gb-1tb-ssd-16gb-nvidia-rtx2000-ada-1500w-w11p-3-yil-yerinde-garanti","status":"publish","type":"product","link":"https:\/\/xcore.com.tr\/urunler\/product\/dell-ws-pro-max-t2-fct2250_9-ultra-9-285k-1x32gb-1tb-ssd-16gb-nvidia-rtx2000-ada-1500w-w11p-3-yil-yerinde-garanti\/","title":{"rendered":"DELL WS PRO MAX T2 FCT2250_9 ULTRA 9 285K 1X32GB 1TB SSD 16GB NVIDIA RTX2000 ADA 1500W W11P 3 YIL YER\u0130NDE GARANT\u0130"},"content":{"rendered":"<h4>\u00dcr\u00fcn \u00d6zellikleri:<\/h4>\n<ul>\n<li><strong>Bellek Kapasitesi:<\/strong> 32 GB<\/li>\n<li><strong>Sabit Disk Kapasitesi:<\/strong> 1TB SSD<\/li>\n<li><strong>\u0130\u015flemci \u00d6zelli\u011fi:<\/strong> <\/li>\n<li><strong>Ekran Kart\u0131 Kapasitesi:<\/strong> 16 GB<\/li>\n<li><strong>\u0130\u015fletim Sistemi:<\/strong> Windows 11 Pro<\/li>\n<li><strong>Ekran Boyutu:<\/strong> &#8211;<\/li>\n<li><strong>Optik S\u00fcr\u00fcc\u00fc:<\/strong> &#8211;<\/li>\n<li><strong>Giri\u015f \u00c7\u0131k\u0131\u015flar:<\/strong> <\/li>\n<li><strong>\u0130\u015flemci Tipi:<\/strong> Intel Core Ultra 9 285K<\/li>\n<li><strong>Sabit Disk:<\/strong> <\/li>\n<li><strong>Ekran Kart\u0131:<\/strong> <\/li>\n<li><strong>A\u00e7\u0131klama:<\/strong> <\/li>\n<li><strong>Bellek:<\/strong> <\/li>\n<li><strong>Garanti:<\/strong> 3 Y\u0131l Dell Garanti<\/li>\n<\/ul>\n","protected":false},"excerpt":{"rendered":"<p>\u00dcr\u00fcn \u00d6zellikleri: Bellek Kapasitesi: 32 GB Sabit Disk Kapasitesi: 1TB SSD \u0130\u015flemci \u00d6zelli\u011fi: Ekran Kart\u0131 Kapasitesi: 16 GB \u0130\u015fletim Sistemi: Windows 11 Pro Ekran Boyutu: &#8211; Optik S\u00fcr\u00fcc\u00fc: &#8211; Giri\u015f \u00c7\u0131k\u0131\u015flar: \u0130\u015flemci Tipi: Intel Core Ultra 9 285K Sabit Disk: Ekran Kart\u0131: A\u00e7\u0131klama: Bellek: Garanti: 3 Y\u0131l Dell Garanti<\/p>\n","protected":false},"featured_media":11992,"comment_status":"open","ping_status":"closed","template":"","meta":{"content-type":""},"product_brand":[],"product_cat":[725],"product_tag":[],"class_list":{"0":"post-11991","1":"product","2":"type-product","3":"status-publish","4":"has-post-thumbnail","6":"product_cat-is-istasyonu-masaustu","8":"first","9":"instock","10":"shipping-taxable","11":"purchasable","12":"product-type-simple"},"_links":{"self":[{"href":"https:\/\/xcore.com.tr\/urunler\/wp-json\/wp\/v2\/product\/11991","targetHints":{"allow":["GET"]}}],"collection":[{"href":"https:\/\/xcore.com.tr\/urunler\/wp-json\/wp\/v2\/product"}],"about":[{"href":"https:\/\/xcore.com.tr\/urunler\/wp-json\/wp\/v2\/types\/product"}],"replies":[{"embeddable":true,"href":"https:\/\/xcore.com.tr\/urunler\/wp-json\/wp\/v2\/comments?post=11991"}],"wp:featuredmedia":[{"embeddable":true,"href":"https:\/\/xcore.com.tr\/urunler\/wp-json\/wp\/v2\/media\/11992"}],"wp:attachment":[{"href":"https:\/\/xcore.com.tr\/urunler\/wp-json\/wp\/v2\/media?parent=11991"}],"wp:term":[{"taxonomy":"product_brand","embeddable":true,"href":"https:\/\/xcore.com.tr\/urunler\/wp-json\/wp\/v2\/product_brand?post=11991"},{"taxonomy":"product_cat","embeddable":true,"href":"https:\/\/xcore.com.tr\/urunler\/wp-json\/wp\/v2\/product_cat?post=11991"},{"taxonomy":"product_tag","embeddable":true,"href":"https:\/\/xcore.com.tr\/urunler\/wp-json\/wp\/v2\/product_tag?post=11991"}],"curies":[{"name":"wp","href":"https:\/\/api.w.org\/{rel}","templated":true}]}}