{"id":12005,"date":"2026-04-21T17:53:02","date_gmt":"2026-04-21T14:53:02","guid":{"rendered":"https:\/\/xcore.com.tr\/urunler\/product\/dell-ws-pro-max-t2-fct2250_13-ultra-9-285k-1x32gb-1tb-ssd-20gb-nvidia-rtx4000-ada-1500w-w11p-3-yil-yerinde-garanti\/"},"modified":"2026-04-21T17:53:02","modified_gmt":"2026-04-21T14:53:02","slug":"dell-ws-pro-max-t2-fct2250_13-ultra-9-285k-1x32gb-1tb-ssd-20gb-nvidia-rtx4000-ada-1500w-w11p-3-yil-yerinde-garanti","status":"publish","type":"product","link":"https:\/\/xcore.com.tr\/urunler\/product\/dell-ws-pro-max-t2-fct2250_13-ultra-9-285k-1x32gb-1tb-ssd-20gb-nvidia-rtx4000-ada-1500w-w11p-3-yil-yerinde-garanti\/","title":{"rendered":"DELL WS PRO MAX T2 FCT2250_13 ULTRA 9 285K 1X32GB 1TB SSD 20GB NVIDIA RTX4000 ADA 1500W W11P 3 YIL YER\u0130NDE GARANT\u0130"},"content":{"rendered":"<h4>\u00dcr\u00fcn \u00d6zellikleri:<\/h4>\n<ul><\/ul>\n","protected":false},"excerpt":{"rendered":"<p>\u00dcr\u00fcn \u00d6zellikleri:<\/p>\n","protected":false},"featured_media":12006,"comment_status":"open","ping_status":"closed","template":"","meta":{"content-type":""},"product_brand":[],"product_cat":[725],"product_tag":[],"class_list":{"0":"post-12005","1":"product","2":"type-product","3":"status-publish","4":"has-post-thumbnail","6":"product_cat-is-istasyonu-masaustu","8":"first","9":"instock","10":"shipping-taxable","11":"purchasable","12":"product-type-simple"},"_links":{"self":[{"href":"https:\/\/xcore.com.tr\/urunler\/wp-json\/wp\/v2\/product\/12005","targetHints":{"allow":["GET"]}}],"collection":[{"href":"https:\/\/xcore.com.tr\/urunler\/wp-json\/wp\/v2\/product"}],"about":[{"href":"https:\/\/xcore.com.tr\/urunler\/wp-json\/wp\/v2\/types\/product"}],"replies":[{"embeddable":true,"href":"https:\/\/xcore.com.tr\/urunler\/wp-json\/wp\/v2\/comments?post=12005"}],"wp:featuredmedia":[{"embeddable":true,"href":"https:\/\/xcore.com.tr\/urunler\/wp-json\/wp\/v2\/media\/12006"}],"wp:attachment":[{"href":"https:\/\/xcore.com.tr\/urunler\/wp-json\/wp\/v2\/media?parent=12005"}],"wp:term":[{"taxonomy":"product_brand","embeddable":true,"href":"https:\/\/xcore.com.tr\/urunler\/wp-json\/wp\/v2\/product_brand?post=12005"},{"taxonomy":"product_cat","embeddable":true,"href":"https:\/\/xcore.com.tr\/urunler\/wp-json\/wp\/v2\/product_cat?post=12005"},{"taxonomy":"product_tag","embeddable":true,"href":"https:\/\/xcore.com.tr\/urunler\/wp-json\/wp\/v2\/product_tag?post=12005"}],"curies":[{"name":"wp","href":"https:\/\/api.w.org\/{rel}","templated":true}]}}