{"id":12146,"date":"2026-04-21T17:54:09","date_gmt":"2026-04-21T14:54:09","guid":{"rendered":"https:\/\/xcore.com.tr\/urunler\/product\/dell-nbw-m5690-xctop5690emea_vp-2-u7-155h-16gb-512ssd-6gb-rtx1000-oled-touch-w11pro-3-yil-yerinde-garanti\/"},"modified":"2026-04-21T17:54:09","modified_gmt":"2026-04-21T14:54:09","slug":"dell-nbw-m5690-xctop5690emea_vp-2-u7-155h-16gb-512ssd-6gb-rtx1000-oled-touch-w11pro-3-yil-yerinde-garanti","status":"publish","type":"product","link":"https:\/\/xcore.com.tr\/urunler\/product\/dell-nbw-m5690-xctop5690emea_vp-2-u7-155h-16gb-512ssd-6gb-rtx1000-oled-touch-w11pro-3-yil-yerinde-garanti\/","title":{"rendered":"DELL NBW M5690 XCTOP5690EMEA_VP-2 U7-155H 16GB 512SSD 6GB RTX1000 OLED TOUCH W11PRO 3 YIL YER\u0130NDE GARANT\u0130"},"content":{"rendered":"<h4>\u00dcr\u00fcn \u00d6zellikleri:<\/h4>\n<ul><\/ul>\n","protected":false},"excerpt":{"rendered":"<p>\u00dcr\u00fcn \u00d6zellikleri:<\/p>\n","protected":false},"featured_media":0,"comment_status":"open","ping_status":"closed","template":"","meta":{"content-type":""},"product_brand":[],"product_cat":[727],"product_tag":[],"class_list":{"0":"post-12146","1":"product","2":"type-product","3":"status-publish","5":"product_cat-is-istasyonu-dizustu","7":"first","8":"instock","9":"shipping-taxable","10":"purchasable","11":"product-type-simple"},"_links":{"self":[{"href":"https:\/\/xcore.com.tr\/urunler\/wp-json\/wp\/v2\/product\/12146","targetHints":{"allow":["GET"]}}],"collection":[{"href":"https:\/\/xcore.com.tr\/urunler\/wp-json\/wp\/v2\/product"}],"about":[{"href":"https:\/\/xcore.com.tr\/urunler\/wp-json\/wp\/v2\/types\/product"}],"replies":[{"embeddable":true,"href":"https:\/\/xcore.com.tr\/urunler\/wp-json\/wp\/v2\/comments?post=12146"}],"wp:attachment":[{"href":"https:\/\/xcore.com.tr\/urunler\/wp-json\/wp\/v2\/media?parent=12146"}],"wp:term":[{"taxonomy":"product_brand","embeddable":true,"href":"https:\/\/xcore.com.tr\/urunler\/wp-json\/wp\/v2\/product_brand?post=12146"},{"taxonomy":"product_cat","embeddable":true,"href":"https:\/\/xcore.com.tr\/urunler\/wp-json\/wp\/v2\/product_cat?post=12146"},{"taxonomy":"product_tag","embeddable":true,"href":"https:\/\/xcore.com.tr\/urunler\/wp-json\/wp\/v2\/product_tag?post=12146"}],"curies":[{"name":"wp","href":"https:\/\/api.w.org\/{rel}","templated":true}]}}