{"id":12314,"date":"2026-04-21T17:55:37","date_gmt":"2026-04-21T14:55:37","guid":{"rendered":"https:\/\/xcore.com.tr\/urunler\/product\/dell-poweredge-emea_r260_spl1-xeon-6315p-1x2tb-sata-3-5-1x16gb-1x700w-3-yil-yerinde-garanti\/"},"modified":"2026-04-21T17:55:37","modified_gmt":"2026-04-21T14:55:37","slug":"dell-poweredge-emea_r260_spl1-xeon-6315p-1x2tb-sata-3-5-1x16gb-1x700w-3-yil-yerinde-garanti","status":"publish","type":"product","link":"https:\/\/xcore.com.tr\/urunler\/product\/dell-poweredge-emea_r260_spl1-xeon-6315p-1x2tb-sata-3-5-1x16gb-1x700w-3-yil-yerinde-garanti\/","title":{"rendered":"DELL POWEREDGE EMEA_R260_SPL1 XEON 6315P 1X2TB SATA 3.5 1X16GB 1X700W 3 YIL YER\u0130NDE GARANT\u0130"},"content":{"rendered":"<h4>\u00dcr\u00fcn \u00d6zellikleri:<\/h4>\n<ul>\n<li><strong>Ram:<\/strong> 16GB<\/li>\n<li><strong>Seri Port:<\/strong> &#8211;<\/li>\n<li><strong>Ram Frekans\u0131:<\/strong> 5600 Mhz<\/li>\n<li><strong>Boyutlar:<\/strong> <\/li>\n<li><strong>Y\u00fckl\u00fc \u0130\u015flemci Say\u0131s\u0131:<\/strong> Standart x1 ; Maksimum x1<\/li>\n<li><strong>Raid Deste\u011fi:<\/strong> &#8211;<\/li>\n<li><strong>\u0130\u015fletim Sistemi:<\/strong> Yok<\/li>\n<li><strong>\u0130\u015flemci:<\/strong> Intel Xeon 6 Performance 6315P 2.8G, 4C\/4T, 12M Cache, Turbo, (55W) DDR5-4800<\/li>\n<li><strong>Disk Ebad\u0131:<\/strong> 3.5<\/li>\n<li><strong>Uyumlu Aksesuarlar:<\/strong> &#8211;<\/li>\n<li><strong>Maksimum Disk Say\u0131s\u0131:<\/strong> 3<\/li>\n<li><strong>Maksimum Ram Kapasitesi:<\/strong> &#8211;<\/li>\n<li><strong>A\u00e7\u0131klama:<\/strong> <\/li>\n<li><strong>Lan:<\/strong> PowerEdge R260 Motherboard with Broadcom 5720 Dual Port 1Gb On-Board LOM, MLK<\/li>\n<li><strong>Ram Tipi:<\/strong> DDR5 5600MHZ<\/li>\n<li><strong>Sabit Disk Kapasite:<\/strong> 1x2TB<\/li>\n<li><strong>Ram Slot Say\u0131s\u0131:<\/strong> 4<\/li>\n<li><strong>G\u00fc\u00e7 Kayna\u011f\u0131:<\/strong> 700 Watt x 1<\/li>\n<li><strong>\u0130\u015flemci Ailesi:<\/strong> Intel Xenon 6 Performance 6315P<\/li>\n<li><strong>Disk Standard\u0131:<\/strong> &#8211;<\/li>\n<li><strong>Optik S\u00fcr\u00fcc\u00fc:<\/strong> &#8211;<\/li>\n<li><strong>Chipset:<\/strong> &#8211;<\/li>\n<li><strong>Sabit Disk T\u00fcr\u00fc:<\/strong> SATA<\/li>\n<li><strong>Grafik:<\/strong> <\/li>\n<li><strong>Usb Port:<\/strong> &#8211;<\/li>\n<li><strong>A\u00e7\u0131klama-2:<\/strong> <\/li>\n<li><strong>Kasa Tipi:<\/strong> Rack<\/li>\n<\/ul>\n","protected":false},"excerpt":{"rendered":"<p>\u00dcr\u00fcn \u00d6zellikleri: Ram: 16GB Seri Port: &#8211; Ram Frekans\u0131: 5600 Mhz Boyutlar: Y\u00fckl\u00fc \u0130\u015flemci Say\u0131s\u0131: Standart x1 ; Maksimum x1 Raid Deste\u011fi: &#8211; \u0130\u015fletim Sistemi: Yok \u0130\u015flemci: Intel Xeon 6 Performance 6315P 2.8G, 4C\/4T, 12M Cache, Turbo, (55W) DDR5-4800 Disk Ebad\u0131: 3.5 Uyumlu Aksesuarlar: &#8211; Maksimum Disk Say\u0131s\u0131: 3 Maksimum Ram Kapasitesi: &#8211; A\u00e7\u0131klama: Lan: [&hellip;]<\/p>\n","protected":false},"featured_media":12315,"comment_status":"open","ping_status":"closed","template":"","meta":{"content-type":""},"product_brand":[],"product_cat":[733],"product_tag":[],"class_list":{"0":"post-12314","1":"product","2":"type-product","3":"status-publish","4":"has-post-thumbnail","6":"product_cat-rackmount","8":"first","9":"instock","10":"shipping-taxable","11":"purchasable","12":"product-type-simple"},"_links":{"self":[{"href":"https:\/\/xcore.com.tr\/urunler\/wp-json\/wp\/v2\/product\/12314","targetHints":{"allow":["GET"]}}],"collection":[{"href":"https:\/\/xcore.com.tr\/urunler\/wp-json\/wp\/v2\/product"}],"about":[{"href":"https:\/\/xcore.com.tr\/urunler\/wp-json\/wp\/v2\/types\/product"}],"replies":[{"embeddable":true,"href":"https:\/\/xcore.com.tr\/urunler\/wp-json\/wp\/v2\/comments?post=12314"}],"wp:featuredmedia":[{"embeddable":true,"href":"https:\/\/xcore.com.tr\/urunler\/wp-json\/wp\/v2\/media\/12315"}],"wp:attachment":[{"href":"https:\/\/xcore.com.tr\/urunler\/wp-json\/wp\/v2\/media?parent=12314"}],"wp:term":[{"taxonomy":"product_brand","embeddable":true,"href":"https:\/\/xcore.com.tr\/urunler\/wp-json\/wp\/v2\/product_brand?post=12314"},{"taxonomy":"product_cat","embeddable":true,"href":"https:\/\/xcore.com.tr\/urunler\/wp-json\/wp\/v2\/product_cat?post=12314"},{"taxonomy":"product_tag","embeddable":true,"href":"https:\/\/xcore.com.tr\/urunler\/wp-json\/wp\/v2\/product_tag?post=12314"}],"curies":[{"name":"wp","href":"https:\/\/api.w.org\/{rel}","templated":true}]}}