{"id":12324,"date":"2026-04-21T17:55:41","date_gmt":"2026-04-21T14:55:41","guid":{"rendered":"https:\/\/xcore.com.tr\/urunler\/product\/poweredge-emea_per760xs1flexi6-16x2-5-5418y-2x64gb-2x480gb-ssd-sata-2x1100w-3-yil-yerinde-garanti\/"},"modified":"2026-04-21T17:55:41","modified_gmt":"2026-04-21T14:55:41","slug":"poweredge-emea_per760xs1flexi6-16x2-5-5418y-2x64gb-2x480gb-ssd-sata-2x1100w-3-yil-yerinde-garanti","status":"publish","type":"product","link":"https:\/\/xcore.com.tr\/urunler\/product\/poweredge-emea_per760xs1flexi6-16x2-5-5418y-2x64gb-2x480gb-ssd-sata-2x1100w-3-yil-yerinde-garanti\/","title":{"rendered":"POWEREDGE EMEA_PER760XS1FLEXI6 16X2.5&#8243; 5418Y 2X64GB 2X480GB SSD SATA 2X1100W 3 YIL YER\u0130NDE GARANT\u0130"},"content":{"rendered":"<h4>\u00dcr\u00fcn \u00d6zellikleri:<\/h4>\n<ul>\n<li><strong>Seri Port:<\/strong> &#8211;<\/li>\n<li><strong>Sabit Disk Kapasite:<\/strong> 2x480GB SSD SATA<\/li>\n<li><strong>G\u00fc\u00e7 Kayna\u011f\u0131:<\/strong> 2x1100W<\/li>\n<li><strong>Raid Deste\u011fi:<\/strong> PERC H755 Adapter LP<\/li>\n<li><strong>Ram:<\/strong> 2x64GB<\/li>\n<li><strong>Chipset:<\/strong> &#8211;<\/li>\n<li><strong>Grafik:<\/strong> <\/li>\n<li><strong>A\u00e7\u0131klama-2:<\/strong> <\/li>\n<li><strong>Sabit Disk T\u00fcr\u00fc:<\/strong> SATA SSD<\/li>\n<li><strong>Lan:<\/strong> \tBroadcom 57414 Dual Port 10\/25GbE SFP28, OCP NIC 3.0<\/li>\n<li><strong>Maksimum Ram Kapasitesi:<\/strong> &#8211;<\/li>\n<li><strong>Ram Frekans\u0131:<\/strong> 5600 Mhz<\/li>\n<li><strong>Ram Slot Say\u0131s\u0131:<\/strong> 16<\/li>\n<li><strong>\u0130\u015flemci:<\/strong> 2x Intel\u00ae Xeon\u00ae Gold 5418Y 2G, 24C\/48T, 16GT\/s, 45M Cache, Turbo, HT (185W) DDR5-4400<\/li>\n<li><strong>Kasa Tipi:<\/strong> Rack<\/li>\n<li><strong>Usb Port:<\/strong> &#8211;<\/li>\n<li><strong>Ram Tipi:<\/strong> DDR5 5600MHZ<\/li>\n<li><strong>Y\u00fckl\u00fc \u0130\u015flemci Say\u0131s\u0131:<\/strong> Standart x1 ; Maksimum x2<\/li>\n<li><strong>A\u00e7\u0131klama:<\/strong> <\/li>\n<li><strong>Maksimum Disk Say\u0131s\u0131:<\/strong> 16<\/li>\n<li><strong>Disk Ebad\u0131:<\/strong> 2.5<\/li>\n<li><strong>Uyumlu Aksesuarlar:<\/strong> &#8211;<\/li>\n<li><strong>Optik S\u00fcr\u00fcc\u00fc:<\/strong> &#8211;<\/li>\n<li><strong>\u0130\u015fletim Sistemi:<\/strong> Yok<\/li>\n<li><strong>Disk Standard\u0131:<\/strong> &#8211;<\/li>\n<li><strong>\u0130\u015flemci Ailesi:<\/strong> Intel\u00ae Xeon\u00ae Gold 5418Y Processor<\/li>\n<\/ul>\n","protected":false},"excerpt":{"rendered":"<p>\u00dcr\u00fcn \u00d6zellikleri: Seri Port: &#8211; Sabit Disk Kapasite: 2x480GB SSD SATA G\u00fc\u00e7 Kayna\u011f\u0131: 2x1100W Raid Deste\u011fi: PERC H755 Adapter LP Ram: 2x64GB Chipset: &#8211; Grafik: A\u00e7\u0131klama-2: Sabit Disk T\u00fcr\u00fc: SATA SSD Lan: Broadcom 57414 Dual Port 10\/25GbE SFP28, OCP NIC 3.0 Maksimum Ram Kapasitesi: &#8211; Ram Frekans\u0131: 5600 Mhz Ram Slot Say\u0131s\u0131: 16 \u0130\u015flemci: 2x [&hellip;]<\/p>\n","protected":false},"featured_media":12325,"comment_status":"open","ping_status":"closed","template":"","meta":{"content-type":""},"product_brand":[],"product_cat":[733],"product_tag":[],"class_list":{"0":"post-12324","1":"product","2":"type-product","3":"status-publish","4":"has-post-thumbnail","6":"product_cat-rackmount","8":"first","9":"instock","10":"shipping-taxable","11":"purchasable","12":"product-type-simple"},"_links":{"self":[{"href":"https:\/\/xcore.com.tr\/urunler\/wp-json\/wp\/v2\/product\/12324","targetHints":{"allow":["GET"]}}],"collection":[{"href":"https:\/\/xcore.com.tr\/urunler\/wp-json\/wp\/v2\/product"}],"about":[{"href":"https:\/\/xcore.com.tr\/urunler\/wp-json\/wp\/v2\/types\/product"}],"replies":[{"embeddable":true,"href":"https:\/\/xcore.com.tr\/urunler\/wp-json\/wp\/v2\/comments?post=12324"}],"wp:featuredmedia":[{"embeddable":true,"href":"https:\/\/xcore.com.tr\/urunler\/wp-json\/wp\/v2\/media\/12325"}],"wp:attachment":[{"href":"https:\/\/xcore.com.tr\/urunler\/wp-json\/wp\/v2\/media?parent=12324"}],"wp:term":[{"taxonomy":"product_brand","embeddable":true,"href":"https:\/\/xcore.com.tr\/urunler\/wp-json\/wp\/v2\/product_brand?post=12324"},{"taxonomy":"product_cat","embeddable":true,"href":"https:\/\/xcore.com.tr\/urunler\/wp-json\/wp\/v2\/product_cat?post=12324"},{"taxonomy":"product_tag","embeddable":true,"href":"https:\/\/xcore.com.tr\/urunler\/wp-json\/wp\/v2\/product_tag?post=12324"}],"curies":[{"name":"wp","href":"https:\/\/api.w.org\/{rel}","templated":true}]}}