{"id":12328,"date":"2026-04-21T17:55:43","date_gmt":"2026-04-21T14:55:43","guid":{"rendered":"https:\/\/xcore.com.tr\/urunler\/product\/hpe-dl380-gen11-intel-xenon-g5416s-16c-2x32gb-2x480gb-ssd-2-5-2x1000w-p81784-425\/"},"modified":"2026-04-21T17:55:43","modified_gmt":"2026-04-21T14:55:43","slug":"hpe-dl380-gen11-intel-xenon-g5416s-16c-2x32gb-2x480gb-ssd-2-5-2x1000w-p81784-425","status":"publish","type":"product","link":"https:\/\/xcore.com.tr\/urunler\/product\/hpe-dl380-gen11-intel-xenon-g5416s-16c-2x32gb-2x480gb-ssd-2-5-2x1000w-p81784-425\/","title":{"rendered":"HPE DL380 GEN11 INTEL XENON-G5416S 16C 2X32GB 2X480GB SSD 2.5 2X1000W P81784-425"},"content":{"rendered":"<h4>\u00dcr\u00fcn \u00d6zellikleri:<\/h4>\n<ul>\n<li><strong>Grafik:<\/strong> <\/li>\n<li><strong>Sabit Disk Kapasite:<\/strong> 2x480GB SSD SATA<\/li>\n<li><strong>Ram:<\/strong> 2X32GB 4800 MHz RDIMM<\/li>\n<li><strong>A\u00e7\u0131klama:<\/strong> <\/li>\n<li><strong>Optik S\u00fcr\u00fcc\u00fc:<\/strong> &#8211;<\/li>\n<li><strong>Usb Port:<\/strong> &#8211;<\/li>\n<li><strong>Chipset:<\/strong> &#8211;<\/li>\n<li><strong>Ram Tipi:<\/strong> 4800MHz RDIMM<\/li>\n<li><strong>\u0130\u015flemci:<\/strong> Intel Xeon Gold 5416S 2G, 16C\/32T, 16GT\/s, 30M Cache, Turbo, HT (150W) DDR5-4400<\/li>\n<li><strong>G\u00fc\u00e7 Kayna\u011f\u0131:<\/strong> 2&#215;1000 Watt<\/li>\n<li><strong>Lan:<\/strong> HPE Ethernet 10\/25Gb 2-port SFP28 BCM57414 OCP3 Adapter<\/li>\n<li><strong>Seri Port:<\/strong> &#8211;<\/li>\n<li><strong>Ram Frekans\u0131:<\/strong> 4800MHz<\/li>\n<li><strong>Uyumlu Aksesuarlar:<\/strong> &#8211;<\/li>\n<li><strong>Disk Ebad\u0131:<\/strong> 2.5<\/li>\n<li><strong>\u0130\u015flemci Ailesi:<\/strong> Intel Xeon Gold 5416S 2G, 16C\/32T, 16GT\/s, 30M Cache, Turbo, HT (150W) DDR5-4400<\/li>\n<li><strong>Kasa Tipi:<\/strong> Rack<\/li>\n<li><strong>Maksimum Disk Say\u0131s\u0131:<\/strong> 8<\/li>\n<li><strong>Boyutlar:<\/strong> <\/li>\n<li><strong>Sabit Disk T\u00fcr\u00fc:<\/strong> SATA SSD<\/li>\n<li><strong>Maksimum Ram Kapasitesi:<\/strong> &#8211;<\/li>\n<li><strong>Disk Standard\u0131:<\/strong> &#8211;<\/li>\n<li><strong>\u0130\u015fletim Sistemi:<\/strong> &#8211;<\/li>\n<li><strong>Y\u00fckl\u00fc \u0130\u015flemci Say\u0131s\u0131:<\/strong> Standart x1 ; Maksimum x2<\/li>\n<li><strong>Raid Deste\u011fi:<\/strong> HPE MR408i-o Gen11 SPDM Storage Controller 4 MB Cache<\/li>\n<li><strong>Model Link:<\/strong> <\/li>\n<li><strong>Ram Slot Say\u0131s\u0131:<\/strong> 16<\/li>\n<\/ul>\n","protected":false},"excerpt":{"rendered":"<p>\u00dcr\u00fcn \u00d6zellikleri: Grafik: Sabit Disk Kapasite: 2x480GB SSD SATA Ram: 2X32GB 4800 MHz RDIMM A\u00e7\u0131klama: Optik S\u00fcr\u00fcc\u00fc: &#8211; Usb Port: &#8211; Chipset: &#8211; Ram Tipi: 4800MHz RDIMM \u0130\u015flemci: Intel Xeon Gold 5416S 2G, 16C\/32T, 16GT\/s, 30M Cache, Turbo, HT (150W) DDR5-4400 G\u00fc\u00e7 Kayna\u011f\u0131: 2&#215;1000 Watt Lan: HPE Ethernet 10\/25Gb 2-port SFP28 BCM57414 OCP3 Adapter Seri [&hellip;]<\/p>\n","protected":false},"featured_media":12329,"comment_status":"open","ping_status":"closed","template":"","meta":{"content-type":""},"product_brand":[],"product_cat":[733],"product_tag":[],"class_list":{"0":"post-12328","1":"product","2":"type-product","3":"status-publish","4":"has-post-thumbnail","6":"product_cat-rackmount","8":"first","9":"instock","10":"shipping-taxable","11":"purchasable","12":"product-type-simple"},"_links":{"self":[{"href":"https:\/\/xcore.com.tr\/urunler\/wp-json\/wp\/v2\/product\/12328","targetHints":{"allow":["GET"]}}],"collection":[{"href":"https:\/\/xcore.com.tr\/urunler\/wp-json\/wp\/v2\/product"}],"about":[{"href":"https:\/\/xcore.com.tr\/urunler\/wp-json\/wp\/v2\/types\/product"}],"replies":[{"embeddable":true,"href":"https:\/\/xcore.com.tr\/urunler\/wp-json\/wp\/v2\/comments?post=12328"}],"wp:featuredmedia":[{"embeddable":true,"href":"https:\/\/xcore.com.tr\/urunler\/wp-json\/wp\/v2\/media\/12329"}],"wp:attachment":[{"href":"https:\/\/xcore.com.tr\/urunler\/wp-json\/wp\/v2\/media?parent=12328"}],"wp:term":[{"taxonomy":"product_brand","embeddable":true,"href":"https:\/\/xcore.com.tr\/urunler\/wp-json\/wp\/v2\/product_brand?post=12328"},{"taxonomy":"product_cat","embeddable":true,"href":"https:\/\/xcore.com.tr\/urunler\/wp-json\/wp\/v2\/product_cat?post=12328"},{"taxonomy":"product_tag","embeddable":true,"href":"https:\/\/xcore.com.tr\/urunler\/wp-json\/wp\/v2\/product_tag?post=12328"}],"curies":[{"name":"wp","href":"https:\/\/api.w.org\/{rel}","templated":true}]}}