{"id":12389,"date":"2026-04-21T17:56:09","date_gmt":"2026-04-21T14:56:09","guid":{"rendered":"https:\/\/xcore.com.tr\/urunler\/product\/1-92-tb-kingston-2-5-sata3-ssd-560-530mbs-sedc600m-1920g\/"},"modified":"2026-04-21T17:56:09","modified_gmt":"2026-04-21T14:56:09","slug":"1-92-tb-kingston-2-5-sata3-ssd-560-530mbs-sedc600m-1920g","status":"publish","type":"product","link":"https:\/\/xcore.com.tr\/urunler\/product\/1-92-tb-kingston-2-5-sata3-ssd-560-530mbs-sedc600m-1920g\/","title":{"rendered":"1.92 TB KINGSTON 2.5&#8243; SATA3 SSD 560\/530MBS SEDC600M\/1920G"},"content":{"rendered":"<h4>\u00dcr\u00fcn \u00d6zellikleri:<\/h4>\n<ul>\n<li><strong>Ba\u011flant\u0131 Tipi:<\/strong> Sata 3<\/li>\n<li><strong>Boyut:<\/strong> 2.5&quot;<\/li>\n<li><strong>Yazma H\u0131z\u0131:<\/strong> 530MB\/s<\/li>\n<li><strong>Okuma H\u0131z\u0131:<\/strong> 560MB\/s<\/li>\n<li><strong>Kapasite:<\/strong> 1.92 TB<\/li>\n<\/ul>\n","protected":false},"excerpt":{"rendered":"<p>\u00dcr\u00fcn \u00d6zellikleri: Ba\u011flant\u0131 Tipi: Sata 3 Boyut: 2.5&quot; Yazma H\u0131z\u0131: 530MB\/s Okuma H\u0131z\u0131: 560MB\/s Kapasite: 1.92 TB<\/p>\n","protected":false},"featured_media":12390,"comment_status":"open","ping_status":"closed","template":"","meta":{"content-type":""},"product_brand":[],"product_cat":[564],"product_tag":[],"class_list":{"0":"post-12389","1":"product","2":"type-product","3":"status-publish","4":"has-post-thumbnail","6":"product_cat-sabit-disk","8":"first","9":"instock","10":"shipping-taxable","11":"purchasable","12":"product-type-simple"},"_links":{"self":[{"href":"https:\/\/xcore.com.tr\/urunler\/wp-json\/wp\/v2\/product\/12389","targetHints":{"allow":["GET"]}}],"collection":[{"href":"https:\/\/xcore.com.tr\/urunler\/wp-json\/wp\/v2\/product"}],"about":[{"href":"https:\/\/xcore.com.tr\/urunler\/wp-json\/wp\/v2\/types\/product"}],"replies":[{"embeddable":true,"href":"https:\/\/xcore.com.tr\/urunler\/wp-json\/wp\/v2\/comments?post=12389"}],"wp:featuredmedia":[{"embeddable":true,"href":"https:\/\/xcore.com.tr\/urunler\/wp-json\/wp\/v2\/media\/12390"}],"wp:attachment":[{"href":"https:\/\/xcore.com.tr\/urunler\/wp-json\/wp\/v2\/media?parent=12389"}],"wp:term":[{"taxonomy":"product_brand","embeddable":true,"href":"https:\/\/xcore.com.tr\/urunler\/wp-json\/wp\/v2\/product_brand?post=12389"},{"taxonomy":"product_cat","embeddable":true,"href":"https:\/\/xcore.com.tr\/urunler\/wp-json\/wp\/v2\/product_cat?post=12389"},{"taxonomy":"product_tag","embeddable":true,"href":"https:\/\/xcore.com.tr\/urunler\/wp-json\/wp\/v2\/product_tag?post=12389"}],"curies":[{"name":"wp","href":"https:\/\/api.w.org\/{rel}","templated":true}]}}