{"id":8538,"date":"2026-04-21T16:44:21","date_gmt":"2026-04-21T13:44:21","guid":{"rendered":"https:\/\/xcore.com.tr\/urunler\/product\/qnap-qxg-10g2sf-x710-2xsfp10gbe-ag-genisletme-karti\/"},"modified":"2026-04-21T16:44:21","modified_gmt":"2026-04-21T13:44:21","slug":"qnap-qxg-10g2sf-x710-2xsfp10gbe-ag-genisletme-karti","status":"publish","type":"product","link":"https:\/\/xcore.com.tr\/urunler\/product\/qnap-qxg-10g2sf-x710-2xsfp10gbe-ag-genisletme-karti\/","title":{"rendered":"QNAP QXG-10G2SF-X710 2XSFP+10GBE A\u011e GEN\u0130\u015eLETME KARTI"},"content":{"rendered":"<h4>\u00dcr\u00fcn \u00d6zellikleri:<\/h4>\n<ul>\n<li><strong>Maksimum Tak\u0131labilir Disk Adedi:<\/strong> &#8211;<\/li>\n<li><strong>Usb 2.0:<\/strong> &#8211;<\/li>\n<li><strong>Usb 3.2:<\/strong> Yok<\/li>\n<li><strong>Maksimum Bellek Kapasitesi:<\/strong> &#8211;<\/li>\n<li><strong>Kasa:<\/strong> &#8211;<\/li>\n<li><strong>Usb 3.0:<\/strong> &#8211;<\/li>\n<li><strong>Ethernet:<\/strong> &#8211;<\/li>\n<li><strong>Disk Yuvalar\u0131:<\/strong> &#8211;<\/li>\n<li><strong>Raid Deste\u011fi:<\/strong> &#8211;<\/li>\n<li><strong>Maksimum Disk Kapasitesi:<\/strong> &#8211;<\/li>\n<li><strong>Bellek Yuvas\u0131:<\/strong> &#8211;<\/li>\n<\/ul>\n","protected":false},"excerpt":{"rendered":"<p>\u00dcr\u00fcn \u00d6zellikleri: Maksimum Tak\u0131labilir Disk Adedi: &#8211; Usb 2.0: &#8211; Usb 3.2: Yok Maksimum Bellek Kapasitesi: &#8211; Kasa: &#8211; Usb 3.0: &#8211; Ethernet: &#8211; Disk Yuvalar\u0131: &#8211; Raid Deste\u011fi: &#8211; Maksimum Disk Kapasitesi: &#8211; Bellek Yuvas\u0131: &#8211;<\/p>\n","protected":false},"featured_media":8539,"comment_status":"open","ping_status":"closed","template":"","meta":{"content-type":""},"product_brand":[],"product_cat":[557],"product_tag":[],"class_list":{"0":"post-8538","1":"product","2":"type-product","3":"status-publish","4":"has-post-thumbnail","6":"product_cat-storage-aksam","8":"first","9":"instock","10":"shipping-taxable","11":"purchasable","12":"product-type-simple"},"_links":{"self":[{"href":"https:\/\/xcore.com.tr\/urunler\/wp-json\/wp\/v2\/product\/8538","targetHints":{"allow":["GET"]}}],"collection":[{"href":"https:\/\/xcore.com.tr\/urunler\/wp-json\/wp\/v2\/product"}],"about":[{"href":"https:\/\/xcore.com.tr\/urunler\/wp-json\/wp\/v2\/types\/product"}],"replies":[{"embeddable":true,"href":"https:\/\/xcore.com.tr\/urunler\/wp-json\/wp\/v2\/comments?post=8538"}],"wp:featuredmedia":[{"embeddable":true,"href":"https:\/\/xcore.com.tr\/urunler\/wp-json\/wp\/v2\/media\/8539"}],"wp:attachment":[{"href":"https:\/\/xcore.com.tr\/urunler\/wp-json\/wp\/v2\/media?parent=8538"}],"wp:term":[{"taxonomy":"product_brand","embeddable":true,"href":"https:\/\/xcore.com.tr\/urunler\/wp-json\/wp\/v2\/product_brand?post=8538"},{"taxonomy":"product_cat","embeddable":true,"href":"https:\/\/xcore.com.tr\/urunler\/wp-json\/wp\/v2\/product_cat?post=8538"},{"taxonomy":"product_tag","embeddable":true,"href":"https:\/\/xcore.com.tr\/urunler\/wp-json\/wp\/v2\/product_tag?post=8538"}],"curies":[{"name":"wp","href":"https:\/\/api.w.org\/{rel}","templated":true}]}}